{"id":855,"date":"2024-06-10T20:03:26","date_gmt":"2024-06-10T17:03:26","guid":{"rendered":"https:\/\/mikkelinkalevalaiset.fi\/?post_type=tribe_events&#038;p=855"},"modified":"2024-06-10T20:03:41","modified_gmt":"2024-06-10T17:03:41","slug":"70-vuotisjuhla-kenkaveron-puutarhassa","status":"publish","type":"tribe_events","link":"https:\/\/mikkelinkalevalaiset.fi\/?tribe_events=70-vuotisjuhla-kenkaveron-puutarhassa","title":{"rendered":"70-vuotisjuhla Kenk\u00e4veron puutarhassa"},"content":{"rendered":"<div>\n<p><em><strong>Tervetuloa Mikkelin Kalevalaisten 70-vuotisjuhlaan<\/strong><\/em><br \/>\nsu 18.8.2024 klo 13 Kenk\u00e4veron puutarhassa<\/p>\n<div>\n<p>Tervehdysten vastaanotto klo 12.30-13.00.<\/p>\n<p>Juhlan j\u00e4lkeen on mahdollisuus tutustua Kenk\u00e4veron aittan\u00e4yttelyyn klo 14 -16. Teemana Mikkelin Kalevalaisten historia ja paikalliset kansallispuvut.<\/p>\n<p>Ilahdumme, jos pukeudut kansallis- tai muinaispukuun tai sen osaan.<\/p>\n<p>Ilmoittautumiset 5.8. menness\u00e4 mikkelinkalevalaiset@gmail.com tai 0407585180<\/p>\n<p>Pyyd\u00e4mme juhlamuistamiset tilille:<br \/>\nMikkelin Kalevalaiset FI94 5271 0420 4783 16<\/p>\n<\/div>\n<\/div>\n","protected":false},"excerpt":{"rendered":"<p>Tervetuloa Mikkelin Kalevalaisten 70-vuotisjuhlaan su 18.8.2024 klo 13 Kenk\u00e4veron puutarhassa Tervehdysten vastaanotto klo 12.30-13.00. Juhlan j\u00e4lkeen on mahdollisuus tutustua Kenk\u00e4veron aittan\u00e4yttelyyn klo 14 -16. Teemana Mikkelin Kalevalaisten historia ja paikalliset kansallispuvut. Ilahdumme, jos pukeudut kansallis- tai muinaispukuun tai sen osaan. Ilmoittautumiset 5.8. menness\u00e4 mikkelinkalevalaiset@gmail.com tai 0407585180 Pyyd\u00e4mme juhlamuistamiset tilille: Mikkelin Kalevalaiset FI94 5271 0420 4783 &hellip; <\/p>\n","protected":false},"author":5,"featured_media":856,"template":"","meta":{"_tribe_events_status":"","_tribe_events_status_reason":"","footnotes":""},"tags":[67,68,16,7,8],"tribe_events_cat":[66,21,62,45,22],"class_list":["post-855","tribe_events","type-tribe_events","status-publish","has-post-thumbnail","hentry","tag-juhla","tag-juhlavuosi","tag-kenkavero","tag-mikkeli","tag-mikkelinkalevalaiset","tribe_events_cat-juhlavuosi","tribe_events_cat-kansallispuku","tribe_events_cat-kenkavero","tribe_events_cat-muinaispuku","tribe_events_cat-tapahtuma","cat_juhlavuosi","cat_kansallispuku","cat_kenkavero","cat_muinaispuku","cat_tapahtuma","has-meta has-sticky-meta"],"_links":{"self":[{"href":"https:\/\/mikkelinkalevalaiset.fi\/index.php?rest_route=\/wp\/v2\/tribe_events\/855","targetHints":{"allow":["GET"]}}],"collection":[{"href":"https:\/\/mikkelinkalevalaiset.fi\/index.php?rest_route=\/wp\/v2\/tribe_events"}],"about":[{"href":"https:\/\/mikkelinkalevalaiset.fi\/index.php?rest_route=\/wp\/v2\/types\/tribe_events"}],"author":[{"embeddable":true,"href":"https:\/\/mikkelinkalevalaiset.fi\/index.php?rest_route=\/wp\/v2\/users\/5"}],"version-history":[{"count":2,"href":"https:\/\/mikkelinkalevalaiset.fi\/index.php?rest_route=\/wp\/v2\/tribe_events\/855\/revisions"}],"predecessor-version":[{"id":858,"href":"https:\/\/mikkelinkalevalaiset.fi\/index.php?rest_route=\/wp\/v2\/tribe_events\/855\/revisions\/858"}],"wp:featuredmedia":[{"embeddable":true,"href":"https:\/\/mikkelinkalevalaiset.fi\/index.php?rest_route=\/wp\/v2\/media\/856"}],"wp:attachment":[{"href":"https:\/\/mikkelinkalevalaiset.fi\/index.php?rest_route=%2Fwp%2Fv2%2Fmedia&parent=855"}],"wp:term":[{"taxonomy":"post_tag","embeddable":true,"href":"https:\/\/mikkelinkalevalaiset.fi\/index.php?rest_route=%2Fwp%2Fv2%2Ftags&post=855"},{"taxonomy":"tribe_events_cat","embeddable":true,"href":"https:\/\/mikkelinkalevalaiset.fi\/index.php?rest_route=%2Fwp%2Fv2%2Ftribe_events_cat&post=855"}],"curies":[{"name":"wp","href":"https:\/\/api.w.org\/{rel}","templated":true}]}}

70-vuotisjuhla Kenkäveron puutarhassa

<div>
<p><em><strong>Tervetuloa Mikkelin Kalevalaisten 70-vuotisjuhlaan</strong></em><br />
su 18.8.2024 klo 13 Kenkäveron puutarhassa</p>
<div>
<p>Tervehdysten vastaanotto klo 12.30-13.00.</p>
<p>Juhlan jälkeen on mahdollisuus tutustua Kenkäveron aittanäyttelyyn klo 14 -16. Teemana Mikkelin Kalevalaisten historia ja paikalliset kansallispuvut.</p>
<p>Ilahdumme, jos pukeudut kansallis- tai muinaispukuun tai sen osaan.</p>
<p>Ilmoittautumiset 5.8. mennessä mikkelinkalevalaiset@gmail.com tai 0407585180</p>
<p>Pyydämme juhlamuistamiset tilille:<br />
Mikkelin Kalevalaiset FI94 5271 0420 4783 16</p>
</div>
</div>

<p>Tervetuloa Mikkelin Kalevalaisten 70-vuotisjuhlaan su 18.8.2024 klo 13 Kenkäveron puutarhassa Tervehdysten vastaanotto klo 12.30-13.00. Juhlan jälkeen on mahdollisuus tutustua Kenkäveron aittanäyttelyyn klo 14 -16. Teemana Mikkelin Kalevalaisten historia ja paikalliset kansallispuvut. Ilahdumme, jos pukeudut kansallis- tai muinaispukuun tai sen osaan. Ilmoittautumiset 5.8. mennessä mikkelinkalevalaiset@gmail.com tai 0407585180 Pyydämme juhlamuistamiset tilille: Mikkelin Kalevalaiset FI94 5271 0420 4783 &hellip; </p>
