{"id":715,"date":"2024-02-09T14:36:19","date_gmt":"2024-02-09T12:36:19","guid":{"rendered":"https:\/\/mikkelinkalevalaiset.fi\/?post_type=tribe_events&#038;p=715"},"modified":"2024-02-09T14:40:05","modified_gmt":"2024-02-09T12:40:05","slug":"museoretki-suur-savon-museoon","status":"publish","type":"tribe_events","link":"https:\/\/mikkelinkalevalaiset.fi\/?tribe_events=museoretki-suur-savon-museoon","title":{"rendered":"Museoretki Suur-Savon museoon"},"content":{"rendered":"<div class=\"xdj266r x11i5rnm xat24cr x1mh8g0r x1vvkbs\">Lauantaina 17.2. klo 14.30-17 vierailemme Suur-Savon museossa, Otavankatu 11, Mikkeli.<\/div>\n<div><\/div>\n<div class=\"x11i5rnm xat24cr x1mh8g0r x1vvkbs xtlvy1s\">Ilmoittaudu mukaan 15.2. menness\u00e4: mikkelinkalevalaiset@gmail.com<\/div>\n<div class=\"x11i5rnm xat24cr x1mh8g0r x1vvkbs xtlvy1s\">J\u00e4senet 2e\/hl\u00f6, muut 4e\/hl\u00f6. Omalla museokortilla p\u00e4\u00e4see my\u00f6s!<\/div>\n<div><\/div>\n<div class=\"x11i5rnm xat24cr x1mh8g0r x1vvkbs xtlvy1s\">Kierroksen j\u00e4lkeen voidaan k\u00e4yd\u00e4 kahvilla\/teell\u00e4 paikanp\u00e4\u00e4ll\u00e4 sovittavassa kohteessa.<\/div>\n","protected":false},"excerpt":{"rendered":"<p>Lauantaina 17.2. klo 14.30-17 vierailemme Suur-Savon museossa, Otavankatu 11, Mikkeli. Ilmoittaudu mukaan 15.2. menness\u00e4: mikkelinkalevalaiset@gmail.com J\u00e4senet 2e\/hl\u00f6, muut 4e\/hl\u00f6. Omalla museokortilla p\u00e4\u00e4see my\u00f6s! Kierroksen j\u00e4lkeen voidaan k\u00e4yd\u00e4 kahvilla\/teell\u00e4 paikanp\u00e4\u00e4ll\u00e4 sovittavassa kohteessa.<\/p>\n","protected":false},"author":5,"featured_media":477,"template":"","meta":{"_tribe_events_status":"","_tribe_events_status_reason":"","footnotes":""},"tags":[12,34,7,8,46,35,36,39],"tribe_events_cat":[21,53,32,45,22],"class_list":["post-715","tribe_events","type-tribe_events","status-publish","has-post-thumbnail","hentry","tag-kansallispuku","tag-kulttuuri","tag-mikkeli","tag-mikkelinkalevalaiset","tag-muinaispuku","tag-museo","tag-nahtavyys","tag-tapahtuma","tribe_events_cat-kansallispuku","tribe_events_cat-kasityo","tribe_events_cat-kulttuuri","tribe_events_cat-muinaispuku","tribe_events_cat-tapahtuma","cat_kansallispuku","cat_kasityo","cat_kulttuuri","cat_muinaispuku","cat_tapahtuma","has-meta has-sticky-meta"],"_links":{"self":[{"href":"https:\/\/mikkelinkalevalaiset.fi\/index.php?rest_route=\/wp\/v2\/tribe_events\/715","targetHints":{"allow":["GET"]}}],"collection":[{"href":"https:\/\/mikkelinkalevalaiset.fi\/index.php?rest_route=\/wp\/v2\/tribe_events"}],"about":[{"href":"https:\/\/mikkelinkalevalaiset.fi\/index.php?rest_route=\/wp\/v2\/types\/tribe_events"}],"author":[{"embeddable":true,"href":"https:\/\/mikkelinkalevalaiset.fi\/index.php?rest_route=\/wp\/v2\/users\/5"}],"version-history":[{"count":1,"href":"https:\/\/mikkelinkalevalaiset.fi\/index.php?rest_route=\/wp\/v2\/tribe_events\/715\/revisions"}],"predecessor-version":[{"id":717,"href":"https:\/\/mikkelinkalevalaiset.fi\/index.php?rest_route=\/wp\/v2\/tribe_events\/715\/revisions\/717"}],"wp:featuredmedia":[{"embeddable":true,"href":"https:\/\/mikkelinkalevalaiset.fi\/index.php?rest_route=\/wp\/v2\/media\/477"}],"wp:attachment":[{"href":"https:\/\/mikkelinkalevalaiset.fi\/index.php?rest_route=%2Fwp%2Fv2%2Fmedia&parent=715"}],"wp:term":[{"taxonomy":"post_tag","embeddable":true,"href":"https:\/\/mikkelinkalevalaiset.fi\/index.php?rest_route=%2Fwp%2Fv2%2Ftags&post=715"},{"taxonomy":"tribe_events_cat","embeddable":true,"href":"https:\/\/mikkelinkalevalaiset.fi\/index.php?rest_route=%2Fwp%2Fv2%2Ftribe_events_cat&post=715"}],"curies":[{"name":"wp","href":"https:\/\/api.w.org\/{rel}","templated":true}]}}

<div class="xdj266r x11i5rnm xat24cr x1mh8g0r x1vvkbs">Lauantaina 17.2. klo 14.30-17 vierailemme Suur-Savon museossa, Otavankatu 11, Mikkeli.</div>
<div></div>
<div class="x11i5rnm xat24cr x1mh8g0r x1vvkbs xtlvy1s">Ilmoittaudu mukaan 15.2. mennessä: mikkelinkalevalaiset@gmail.com</div>
<div class="x11i5rnm xat24cr x1mh8g0r x1vvkbs xtlvy1s">Jäsenet 2e/hlö, muut 4e/hlö. Omalla museokortilla pääsee myös!</div>
<div></div>
<div class="x11i5rnm xat24cr x1mh8g0r x1vvkbs xtlvy1s">Kierroksen jälkeen voidaan käydä kahvilla/teellä paikanpäällä sovittavassa kohteessa.</div>

<p>Lauantaina 17.2. klo 14.30-17 vierailemme Suur-Savon museossa, Otavankatu 11, Mikkeli. Ilmoittaudu mukaan 15.2. mennessä: mikkelinkalevalaiset@gmail.com Jäsenet 2e/hlö, muut 4e/hlö. Omalla museokortilla pääsee myös! Kierroksen jälkeen voidaan käydä kahvilla/teellä paikanpäällä sovittavassa kohteessa.</p>
