{"id":557,"date":"2023-05-07T20:06:53","date_gmt":"2023-05-07T17:06:53","guid":{"rendered":"https:\/\/mikkelinkalevalaiset.fi\/?post_type=tribe_events&#038;p=557"},"modified":"2023-05-07T20:06:54","modified_gmt":"2023-05-07T17:06:54","slug":"mikkelin-kalevalaiset-ristiina-keskiaikamarkkinoilla","status":"publish","type":"tribe_events","link":"https:\/\/mikkelinkalevalaiset.fi\/?tribe_events=mikkelin-kalevalaiset-ristiina-keskiaikamarkkinoilla","title":{"rendered":"Mikkelin Kalevalaiset Ristiina Keskiaikamarkkinoilla"},"content":{"rendered":"<p>17.6. Ristiinan Keskiaikamarkkinat Linnaniemess\u00e4.<\/p>\n<figure id=\"attachment_558\" aria-describedby=\"caption-attachment-558\" style=\"width: 212px\" class=\"wp-caption alignright\"><img fetchpriority=\"high\" decoding=\"async\" class=\"size-medium wp-image-558\" src=\"https:\/\/mikkelinkalevalaiset.fi\/wp-content\/uploads\/2023\/05\/341674592_793442568480017_8115843732230799890_n-212x300.jpg\" alt=\"Linnaniemen esite.\" width=\"212\" height=\"300\" srcset=\"https:\/\/mikkelinkalevalaiset.fi\/wp-content\/uploads\/2023\/05\/341674592_793442568480017_8115843732230799890_n-212x300.jpg 212w, https:\/\/mikkelinkalevalaiset.fi\/wp-content\/uploads\/2023\/05\/341674592_793442568480017_8115843732230799890_n-724x1024.jpg 724w, https:\/\/mikkelinkalevalaiset.fi\/wp-content\/uploads\/2023\/05\/341674592_793442568480017_8115843732230799890_n-768x1086.jpg 768w, https:\/\/mikkelinkalevalaiset.fi\/wp-content\/uploads\/2023\/05\/341674592_793442568480017_8115843732230799890_n-1086x1536.jpg 1086w, https:\/\/mikkelinkalevalaiset.fi\/wp-content\/uploads\/2023\/05\/341674592_793442568480017_8115843732230799890_n.jpg 1448w\" sizes=\"(max-width: 212px) 100vw, 212px\" \/><figcaption id=\"caption-attachment-558\" class=\"wp-caption-text\">Linnaniemen mainos.<\/figcaption><\/figure>\n<p>Olemme mukana esittelem\u00e4ss\u00e4 toimintaa. Tule mukaan!<\/p>\n<p>Ilmoittautumiset ja lis\u00e4tiedot: mikkelinkalevalaiset@gmail.com<\/p>\n<p><a href=\"http:\/\/www.linnaniemenkeskiaika.fi\">www.linnaniemenkeskiaika.fi<\/a><\/p>\n","protected":false},"excerpt":{"rendered":"<p>17.6. Ristiinan Keskiaikamarkkinat Linnaniemess\u00e4. Olemme mukana esittelem\u00e4ss\u00e4 toimintaa. Tule mukaan! Ilmoittautumiset ja lis\u00e4tiedot: mikkelinkalevalaiset@gmail.com www.linnaniemenkeskiaika.fi<\/p>\n","protected":false},"author":5,"featured_media":0,"template":"","meta":{"_tribe_events_status":"","_tribe_events_status_reason":"","footnotes":""},"tags":[11,12,15,5,7,8,26],"tribe_events_cat":[19,22],"class_list":["post-557","tribe_events","type-tribe_events","status-publish","hentry","tag-kalevala","tag-kansallispuku","tag-kasityo","tag-kehraaminen","tag-mikkeli","tag-mikkelinkalevalaiset","tag-tuunaamunperinne","tribe_events_cat-retki","tribe_events_cat-tapahtuma","cat_retki","cat_tapahtuma","has-meta has-sticky-meta"],"_links":{"self":[{"href":"https:\/\/mikkelinkalevalaiset.fi\/index.php?rest_route=\/wp\/v2\/tribe_events\/557","targetHints":{"allow":["GET"]}}],"collection":[{"href":"https:\/\/mikkelinkalevalaiset.fi\/index.php?rest_route=\/wp\/v2\/tribe_events"}],"about":[{"href":"https:\/\/mikkelinkalevalaiset.fi\/index.php?rest_route=\/wp\/v2\/types\/tribe_events"}],"author":[{"embeddable":true,"href":"https:\/\/mikkelinkalevalaiset.fi\/index.php?rest_route=\/wp\/v2\/users\/5"}],"version-history":[{"count":2,"href":"https:\/\/mikkelinkalevalaiset.fi\/index.php?rest_route=\/wp\/v2\/tribe_events\/557\/revisions"}],"predecessor-version":[{"id":560,"href":"https:\/\/mikkelinkalevalaiset.fi\/index.php?rest_route=\/wp\/v2\/tribe_events\/557\/revisions\/560"}],"wp:attachment":[{"href":"https:\/\/mikkelinkalevalaiset.fi\/index.php?rest_route=%2Fwp%2Fv2%2Fmedia&parent=557"}],"wp:term":[{"taxonomy":"post_tag","embeddable":true,"href":"https:\/\/mikkelinkalevalaiset.fi\/index.php?rest_route=%2Fwp%2Fv2%2Ftags&post=557"},{"taxonomy":"tribe_events_cat","embeddable":true,"href":"https:\/\/mikkelinkalevalaiset.fi\/index.php?rest_route=%2Fwp%2Fv2%2Ftribe_events_cat&post=557"}],"curies":[{"name":"wp","href":"https:\/\/api.w.org\/{rel}","templated":true}]}}

<p>17.6. Ristiinan Keskiaikamarkkinat Linnaniemessä.</p>
<figure id="attachment_558" aria-describedby="caption-attachment-558" style="width: 212px" class="wp-caption alignright"><img fetchpriority="high" decoding="async" class="size-medium wp-image-558" src="https://mikkelinkalevalaiset.fi/wp-content/uploads/2023/05/341674592_793442568480017_8115843732230799890_n-212x300.jpg" alt="Linnaniemen esite." width="212" height="300" srcset="https://mikkelinkalevalaiset.fi/wp-content/uploads/2023/05/341674592_793442568480017_8115843732230799890_n-212x300.jpg 212w, https://mikkelinkalevalaiset.fi/wp-content/uploads/2023/05/341674592_793442568480017_8115843732230799890_n-724x1024.jpg 724w, https://mikkelinkalevalaiset.fi/wp-content/uploads/2023/05/341674592_793442568480017_8115843732230799890_n-768x1086.jpg 768w, https://mikkelinkalevalaiset.fi/wp-content/uploads/2023/05/341674592_793442568480017_8115843732230799890_n-1086x1536.jpg 1086w, https://mikkelinkalevalaiset.fi/wp-content/uploads/2023/05/341674592_793442568480017_8115843732230799890_n.jpg 1448w" sizes="(max-width: 212px) 100vw, 212px" /><figcaption id="caption-attachment-558" class="wp-caption-text">Linnaniemen mainos.</figcaption></figure>
<p>Olemme mukana esittelemässä toimintaa. Tule mukaan!</p>
<p>Ilmoittautumiset ja lisätiedot: mikkelinkalevalaiset@gmail.com</p>
<p><a href="http://www.linnaniemenkeskiaika.fi">www.linnaniemenkeskiaika.fi</a></p>

<p>17.6. Ristiinan Keskiaikamarkkinat Linnaniemessä. Olemme mukana esittelemässä toimintaa. Tule mukaan! Ilmoittautumiset ja lisätiedot: mikkelinkalevalaiset@gmail.com www.linnaniemenkeskiaika.fi</p>
